t h be 4 + (-8)/(-2) + -143. Let s be 18/(-12) + h/(-2). Suppose -s = -5*w - w. What are the prime factors of w?
11
What are the prime factors of ((-6)/5)/((-60)/14850)?
3, 11
Let z be ((-2 + 2)/2)/(4 - 6). Suppose 2*v + 143 - 483 = z. List the prime factors of v.
2, 5, 17
Suppose -5*z = 2*g - 4*z - 1248, 5*z = 5*g - 3090. List the prime factors of g.
2, 311
Suppose -6840 = -3*c - 9*c. List the prime factors of c.
2, 3, 5, 19
What are the prime factors of (-216)/18*(-2)/6 + 536?
2, 3, 5
Let c be ((-3064)/16 - -3) + (-1)/2. Let j = c - -352. List the prime factors of j.
163
Suppose 0 = 4*u + 20, -334 = -2*v - u + 905. List the prime factors of v.
2, 311
Let v(c) = c**3 - 2*c**2 + 3*c - 1. Let k be v(2). Suppose 0 = -k*a - 13 + 273. What are the prime factors of a?
2, 13
Let a = -5 - -5. Suppose -4*v - 30 = -2*q - 0, -3*q + 3*v + 30 = a. Let s = q + -2. List the prime factors of s.
3
Let r = -11 + 20. Let x be r/27 - (-1)/(-3). Suppose -m + 19 - 2 = x. List the prime factors of m.
17
Suppose 14*x + 306 = 2602. List the prime factors of x.
2, 41
Suppose 0 = 5*i + 9*y - 6*y - 403, -y - 159 = -2*i. List the prime factors of i.
2, 5
Let j = 2 + 1. Let k be (-1)/(j/(-3))*5. Let o(s) = 4*s**2 - 7*s. List the prime factors of o(k).
5, 13
Let w(s) = -2 - 4 - 28*s + 27*s. Let g be w(-2). What are the prime factors of ((-16)/g - 3)*79?
79
Suppose 0 = -10*f - 0*f - 3440. Let i = -124 - f. What are the prime factors of i?
2, 5, 11
Let a(g) = 34*g**3 + 3*g**2 - 8*g + 22. List the prime factors of a(3).
23, 41
List the prime factors of (-2 - (-1 - -561))/(-1).
2, 281
Suppose -5*h + 10*m = 13*m - 807, -h + 175 = 4*m. Let s = -9 - -13. Suppose -s*v = -v - h. What are the prime factors of v?
53
Let i = 24 + -19. List the prime factors of 76/8 + i/(-10).
3
Suppose -4*j + 396 = -2*p, 3*p + 2*p = -3*j + 323. Let s = 244 - j. What are the prime factors of s?
11, 13
Let x(f) be the third derivative of -f**4/12 + 23*f**3/3 - 2*f**2. What are the prime factors of x(0)?
2, 23
Suppose -3*t + z = -8*t - 115, -5*t + 5*z - 85 = 0. Let b = 22 + t. Suppose 4*p = -5*a + 150, b = -3*p + 4*a + a + 95. List the prime factors of p.
5, 7
Let d(f) = f**3 + 17*f**2 - 56*f + 33. What are the prime factors of d(-19)?
3, 5
Let f be (10/(-4))/(-5)*10. Suppose -2*v - 2*h = -104, 2*v = f*h - 4*h + 104. What are the prime factors of v?
2, 13
Suppose -9*u = -5*u - 5424. List the prime factors of u.
2, 3, 113
Let p = 33 + -28. Let d = p + -3. Suppose -d*j = j - 3*l - 30, 2*j + 4*l = 44. List the prime factors of j.
2, 7
Let y(g) = -2*g**3 - 6*g**2 - 5*g - 1. Let m be y(-5). Suppose j + 44 = m. What are the prime factors of j?
2, 5
List the prime factors of 1*((-16)/(-4) - 3) + 113.
2, 3, 19
Suppose -2*k - 5*i + 34 = -121, -2*i - 460 = -5*k. Suppose 2*x + 0*z = -2*z + 94, 4*z = -2*x + k. List the prime factors of x.
7
Let z = -1241 - -1357. List the prime factors of z.
2, 29
List the prime factors of 541856/272 - 2/17.
2, 3, 83
Let m(y) = -y + 13. Let c(i) = -3*i - 6. Let w be c(-5). Let j be m(w). Suppose -3 = j*d - 15. List the prime factors of d.
3
Suppose -w - 1 = 0, 17*w - 371 = -2*h + 18*w. What are the prime factors of h?
5, 37
Let d(g) = -2*g**2 + 8*g + 180. List the prime factors of d(0).
2, 3, 5
Suppose 0 = -22*k - 3403 + 11609. List the prime factors of k.
373
Let p = -16 - -26. Suppose 2*o = t + 452, 3*t - 898 = -4*o + 2*t. Suppose p*f - o = 5*f. What are the prime factors of f?
3, 5
Let h(i) = 154*i**2 - 4*i + 13. What are the prime factors of h(2)?
3, 23
Let m = -175 + 655. What are the prime factors of m?
2, 3, 5
Let b = -7358 + 11237. List the prime factors of b.
3, 431
Let g be 42/9 - (-4)/(-6). Suppose 29 = 5*d + 4. Suppose 24 = 5*t + d*l - 1, g*l - 29 = -5*t. List the prime factors of t.
3
Let f = 2 - 10. Let g be -27*(f + 2 + 3). Let j = -57 + g. What are the prime factors of j?
2, 3
Let k = 146 + -144. Suppose k*f + 25 = -3*f, 0 = u + 2*f - 203. What are the prime factors of u?
3, 71
Suppose -7*q + 4035 + 14613 = 0. List the prime factors of q.
2, 3, 37
Let o(t) = 66*t. Let v be (1 - 0)*1/1. Let u be o(v). Suppose -2*p = p - u. List the prime factors of p.
2, 11
What are the prime factors of (-20)/(-15) + 10601*3/9?
5, 7, 101
Suppose -12*k + 22030 - 1078 = 0. What are the prime factors of k?
2, 3, 97
Suppose 14795 = 5*p + 6*p. What are the prime factors of p?
5, 269
Let h = -15 + 31. Suppose h*k = 18*k - 44. List the prime factors of (k/(-5))/(8/(-120)).
2, 3, 11
Suppose -122 = -3*a - 2*n + 168, a + 3*n = 99. Suppose 0*q = 4*q + a. List the prime factors of q*(12/8 + -2).
2, 3
Suppose 66*a = 81*a - 38445. List the prime factors of a.
11, 233
Suppose w = l - 3*l + 15, 37 = 5*l + 2*w. Suppose o - l = 71. List the prime factors of o.
2, 3, 13
Let h(l) = -l**3 + 24*l**2 - 48*l - 56. What are the prime factors of h(19)?
3, 31
Let w be 6/21 - 94/(-14). Suppose 3*s = 3*g + s - w, -s - 11 = -4*g. What are the prime factors of (g/2)/((-3)/(-14))?
7
Suppose -6*r + 208 = -14*r. Let m be -1 + 1 - (-1 + -44). Let d = r + m. List the prime factors of d.
19
Suppose -4*b = -6*b + 70. Suppose 4*q + 34 = x, 0*x - 4*x - b = 3*q. Let o = q + 12. What are the prime factors of o?
3
What are the prime factors of (5/(50/44))/(4/200)?
2, 5, 11
Let y(v) = 2*v + 77. Suppose -5*a = -0*d + 3*d + 3, 2*d + 2 = 2*a. What are the prime factors of y(a)?
7, 11
Let x(f) = -f**2 + 9*f - 10. Let p be x(7). Suppose -p*q = -0*q - 840. What are the prime factors of q?
2, 3, 5, 7
Suppose 4 = 21*n - 17*n. List the prime factors of n/2 - (-1304)/16.
2, 41
Let p(j) = 5*j**2 + 4*j. Suppose -5*h + 22 = 7. Suppose 0*q + h*q + 9 = 0. What are the prime factors of p(q)?
3, 11
Let u(j) = 4*j + 56. Let h be u(-14). What are the prime factors of 538*(h - 4/(-8))?
269
Suppose -22284 - 2066 = -10*g. What are the prime factors of g?
5, 487
Let h = 11 - 11. Suppose -14 = 3*v - h*f + 5*f, -v - 6 = 2*f. Suppose -v*r = 5*d - 153, 0 = 5*r + 3*d - 5*d - 339. List the prime factors of r.
3, 23
Let d(w) = 280*w - 93. List the prime factors of d(4).
13, 79
Suppose 41 = -p + 858. List the prime factors of p.
19, 43
Suppose 7 - 29 = -2*p - 2*w, 3*w - 9 = p. Suppose -7 + 4 = 3*g. List the prime factors of p + (0 + g - 2).
3
Suppose 2*z + 20 = -4*b, 2*z - 2*b - 10 = -3*z. Suppose -u + 5*u + 2*q = 344, z = 4*q + 8. What are the prime factors of u?
3, 29
Suppose 5*a - 3*y = 117, -y + 98 = 4*a + y. Let g be 3/(a/(-172))*2. Let q = 127 + g. List the prime factors of q.
2, 3, 7
Let g = -445 - -583. What are the prime factors of g?
2, 3, 23
Let c be (-18)/2 - (-8 - -4). List the prime factors of (-4 - c)*(25 - 2).
23
Suppose 0 = -5*u + 173 - 53. Suppose -p + u = -42. What are the prime factors of p?
2, 3, 11
Let x(y) = -238*y + 8. What are the prime factors of x(-4)?
2, 3, 5
Let n be (2952/(-7) - 7) + 2/(-7). Let t = 658 + n. What are the prime factors of t?
229
Suppose -3*x + 4*x = -3*n + 5431, 5*x = 4*n - 7235. What are the prime factors of n?
2, 5, 181
Suppose 10*s - s = 36. Suppose s*o - 870 = -o. List the prime factors of o.
2, 3, 29
Let v be 2/(36/1698) + 1/(-3). Suppose 0 = -4*g + 86 + v. What are the prime factors of g?
3, 5
Suppose 3*y + 135 = -99. Let k = 133 + y. Suppose -n + 43 + 14 = 4*i, n = 4*i - k. List the prime factors of i.
2, 7
Let h = 14 + -15. Let m = 6 + h. Suppose -m*l = -3*l - 56. List the prime factors of l.
2, 7
Suppose 3*h + 4*g = h + 16, -5*h - 5*g = -25. Let o be 6*(-1 + h)/2. Suppose 120 = 3*u - o. What are the prime factors of u?
41
Suppose 8*i - 5*i - 9 = 0. Suppose 0 = i*m + 2*g - 156, -g + 267 = 5*m - 0*g. What are the prime factors of m?
2, 3
What are the prime factors of 2*(-8)/(-16)*73?
73
Suppose d - 2 = g, -6*g = -g - 2*d + 4. Let z(a) = 3*a + 12. List the prime factors of z(g).
2, 3
Let t(d) = -25*d - 11. Let n(c) = 12*c + 5. Let i(b) = -7*n(b) - 3*t(b). Let f be i(-1). What are the prime factors of (-1)/(-2)*(13 - f)?
3
Let i(g) = 3*g**2 + 66*g + 75. List the prime factors of i(-38).
3, 211
Let n = 2069 - 820. List the prime factors of n.
1249
Let q(w) = -124*w - 207. What are the prime factors of q(-21)?
3, 17, 47
Suppose 3*h = 4*h - 10. Suppose -q - q + h = 0. Suppose 0 + 10 = q*l. What are the prime factors of l?
2
Suppose -4*m - m = 4*h - 17, 3*m + 12 = 5*h. What are the prime factors of 40/h*252